{"id":1401,"date":"2023-10-17T16:52:00","date_gmt":"2023-10-17T14:52:00","guid":{"rendered":"https:\/\/hypnose-inconditionailes.fr\/?page_id=1401"},"modified":"2025-04-01T13:37:55","modified_gmt":"2025-04-01T11:37:55","slug":"quest-ce-que-lhypnose","status":"publish","type":"page","link":"https:\/\/hypnose-inconditionailes.fr\/index.php\/quest-ce-que-lhypnose\/","title":{"rendered":"Qu&#8217;est-ce que l&#8217;hypnose ?"},"content":{"rendered":"\t\t<div data-elementor-type=\"wp-page\" data-elementor-id=\"1401\" class=\"elementor elementor-1401\">\n\t\t\t\t<div class=\"elementor-element elementor-element-5a9c733 e-con-full e-flex wpr-particle-no wpr-jarallax-no wpr-parallax-no wpr-sticky-section-no e-con e-parent\" data-id=\"5a9c733\" data-element_type=\"container\" data-e-type=\"container\" data-settings=\"{&quot;background_background&quot;:&quot;classic&quot;}\">\n\t\t<div class=\"elementor-element elementor-element-eeb8135 e-con-full e-flex wpr-particle-no wpr-jarallax-no wpr-parallax-no wpr-sticky-section-no e-con e-child\" data-id=\"eeb8135\" data-element_type=\"container\" data-e-type=\"container\" data-settings=\"{&quot;background_background&quot;:&quot;classic&quot;}\">\n\t\t<div class=\"elementor-element elementor-element-a77a189 e-flex e-con-boxed wpr-particle-no wpr-jarallax-no wpr-parallax-no wpr-sticky-section-no e-con e-child\" data-id=\"a77a189\" data-element_type=\"container\" data-e-type=\"container\">\n\t\t\t\t\t<div class=\"e-con-inner\">\n\t\t\t\t<div class=\"elementor-element elementor-element-b1f4b92 wpr-logo-position-center elementor-widget elementor-widget-wpr-logo\" data-id=\"b1f4b92\" data-element_type=\"widget\" data-e-type=\"widget\" data-widget_type=\"wpr-logo.default\">\n\t\t\t\t<div class=\"elementor-widget-container\">\n\t\t\t\t\t\t\t\t\n\t\t\t<div class=\"wpr-logo elementor-clearfix\">\n\n\t\t\t\t\t\t\t\t<picture class=\"wpr-logo-image\">\n\t\t\t\t\t\t\t\t\t\t<source media=\"(max-width: 767px)\" srcset=\"http:\/\/hypnose-inconditionailes.fr\/wp-content\/uploads\/2023\/10\/Hypnose_Incondition_ailes__1_-removebg-preview.png\">\t\n\t\t\t\t\t\n\t\t\t\t\t\t\t\t\t\t<source srcset=\"http:\/\/hypnose-inconditionailes.fr\/wp-content\/uploads\/2023\/10\/Hypnose_Incondition_ailes__1_-removebg-preview.png 1x, http:\/\/hypnose-inconditionailes.fr\/wp-content\/uploads\/2023\/10\/Hypnose_Incondition_ailes__1_-removebg-preview.png 2x\">\t\n\t\t\t\t\t\t\t\t\t\t\n\t\t\t\t\t<img decoding=\"async\" src=\"http:\/\/hypnose-inconditionailes.fr\/wp-content\/uploads\/2023\/10\/Hypnose_Incondition_ailes__1_-removebg-preview.png\" alt=\"\">\n\n\t\t\t\t\t\t\t\t\t\t\t<a class=\"wpr-logo-url\" rel=\"home\" aria-label=\"\" href=\"https:\/\/hypnose-inconditionailes.fr\/\"><\/a>\n\t\t\t\t\t\t\t\t\t<\/picture>\n\t\t\t\t\n\t\t\t\t\n\t\t\t\t\t\t\t\t\t<a class=\"wpr-logo-url\" rel=\"home\" aria-label=\"\" href=\"https:\/\/hypnose-inconditionailes.fr\/\"><\/a>\n\t\t\t\t\n\t\t\t<\/div>\n\t\t\t\t\n\t\t\t\t\t\t<\/div>\n\t\t\t\t<\/div>\n\t\t\t\t\t<\/div>\n\t\t\t\t<\/div>\n\t\t\t\t<div class=\"elementor-element elementor-element-3dfa643 elementor-widget elementor-widget-spacer\" data-id=\"3dfa643\" data-element_type=\"widget\" data-e-type=\"widget\" data-widget_type=\"spacer.default\">\n\t\t\t\t<div class=\"elementor-widget-container\">\n\t\t\t\t\t\t\t<div class=\"elementor-spacer\">\n\t\t\t<div class=\"elementor-spacer-inner\"><\/div>\n\t\t<\/div>\n\t\t\t\t\t\t<\/div>\n\t\t\t\t<\/div>\n\t\t\t\t<div class=\"elementor-element elementor-element-ae26f7a elementor-invisible elementor-widget elementor-widget-heading\" data-id=\"ae26f7a\" data-element_type=\"widget\" data-e-type=\"widget\" data-settings=\"{&quot;_animation&quot;:&quot;fadeInDown&quot;}\" data-widget_type=\"heading.default\">\n\t\t\t\t<div class=\"elementor-widget-container\">\n\t\t\t\t\t<h2 class=\"elementor-heading-title elementor-size-default\"><a href=\"#deroule\">Qu'est-ce que l'hypnose ?<\/a><\/h2>\t\t\t\t<\/div>\n\t\t\t\t<\/div>\n\t\t\t\t<\/div>\n\t\t<div class=\"elementor-element elementor-element-618f0a9 e-con-full e-flex wpr-particle-no wpr-jarallax-no wpr-parallax-no wpr-sticky-section-no e-con e-child\" data-id=\"618f0a9\" data-element_type=\"container\" data-e-type=\"container\">\n\t\t\t\t<div class=\"elementor-element elementor-element-6cef7df elementor-widget elementor-widget-spacer\" data-id=\"6cef7df\" data-element_type=\"widget\" data-e-type=\"widget\" data-widget_type=\"spacer.default\">\n\t\t\t\t<div class=\"elementor-widget-container\">\n\t\t\t\t\t\t\t<div class=\"elementor-spacer\">\n\t\t\t<div class=\"elementor-spacer-inner\"><\/div>\n\t\t<\/div>\n\t\t\t\t\t\t<\/div>\n\t\t\t\t<\/div>\n\t\t\t\t<div class=\"elementor-element elementor-element-297ba4a elementor-invisible elementor-widget elementor-widget-heading\" data-id=\"297ba4a\" data-element_type=\"widget\" data-e-type=\"widget\" data-settings=\"{&quot;_animation&quot;:&quot;fadeInDown&quot;}\" data-widget_type=\"heading.default\">\n\t\t\t\t<div class=\"elementor-widget-container\">\n\t\t\t\t\t<h2 class=\"elementor-heading-title elementor-size-default\"><a href=\"#hypnose\">D\u00e9roulement d'une s\u00e9ance<\/a><\/h2>\t\t\t\t<\/div>\n\t\t\t\t<\/div>\n\t\t\t\t<\/div>\n\t\t\t\t<\/div>\n\t\t<div class=\"elementor-element elementor-element-baca4fd e-flex e-con-boxed wpr-particle-no wpr-jarallax-no wpr-parallax-no wpr-sticky-section-no e-con e-parent\" data-id=\"baca4fd\" data-element_type=\"container\" data-e-type=\"container\">\n\t\t\t\t\t<div class=\"e-con-inner\">\n\t\t<div class=\"elementor-element elementor-element-36c2850 e-flex e-con-boxed wpr-particle-no wpr-jarallax-no wpr-parallax-no wpr-sticky-section-no e-con e-child\" data-id=\"36c2850\" data-element_type=\"container\" data-e-type=\"container\">\n\t\t\t\t\t<div class=\"e-con-inner\">\n\t\t\t\t<div class=\"elementor-element elementor-element-f38b2ad elementor-invisible elementor-widget elementor-widget-heading\" data-id=\"f38b2ad\" data-element_type=\"widget\" data-e-type=\"widget\" data-settings=\"{&quot;_animation&quot;:&quot;fadeInLeft&quot;}\" data-widget_type=\"heading.default\">\n\t\t\t\t<div class=\"elementor-widget-container\">\n\t\t\t\t\t<h2 class=\"elementor-heading-title elementor-size-default\">Qu'est-ce que l'hypnose ?<\/h2>\t\t\t\t<\/div>\n\t\t\t\t<\/div>\n\t\t\t\t<div class=\"elementor-element elementor-element-9945a2b elementor-invisible elementor-widget elementor-widget-heading\" data-id=\"9945a2b\" data-element_type=\"widget\" data-e-type=\"widget\" data-settings=\"{&quot;_animation&quot;:&quot;fadeInRight&quot;}\" data-widget_type=\"heading.default\">\n\t\t\t\t<div class=\"elementor-widget-container\">\n\t\t\t\t\t<h2 class=\"elementor-heading-title elementor-size-default\">Qu'est-ce que l'hypnose ?<\/h2>\t\t\t\t<\/div>\n\t\t\t\t<\/div>\n\t\t\t\t<div class=\"elementor-element elementor-element-cdaeb74 elementor-widget elementor-widget-spacer\" data-id=\"cdaeb74\" data-element_type=\"widget\" data-e-type=\"widget\" data-widget_type=\"spacer.default\">\n\t\t\t\t<div class=\"elementor-widget-container\">\n\t\t\t\t\t\t\t<div class=\"elementor-spacer\">\n\t\t\t<div class=\"elementor-spacer-inner\"><\/div>\n\t\t<\/div>\n\t\t\t\t\t\t<\/div>\n\t\t\t\t<\/div>\n\t\t\t\t\t<\/div>\n\t\t\t\t<\/div>\n\t\t\t\t<div class=\"elementor-element elementor-element-6116c1a elementor-widget elementor-widget-menu-anchor\" data-id=\"6116c1a\" data-element_type=\"widget\" data-e-type=\"widget\" data-widget_type=\"menu-anchor.default\">\n\t\t\t\t<div class=\"elementor-widget-container\">\n\t\t\t\t\t\t\t<div class=\"elementor-menu-anchor\" id=\"deroule\"><\/div>\n\t\t\t\t\t\t<\/div>\n\t\t\t\t<\/div>\n\t\t\t\t\t<\/div>\n\t\t\t\t<\/div>\n\t\t<div class=\"elementor-element elementor-element-f3d2e2f e-flex e-con-boxed wpr-particle-no wpr-jarallax-no wpr-parallax-no wpr-sticky-section-no e-con e-parent\" data-id=\"f3d2e2f\" data-element_type=\"container\" data-e-type=\"container\" data-settings=\"{&quot;background_background&quot;:&quot;classic&quot;,&quot;shape_divider_top&quot;:&quot;wave-brush&quot;}\">\n\t\t\t\t\t<div class=\"e-con-inner\">\n\t\t\t\t<div class=\"elementor-shape elementor-shape-top\" aria-hidden=\"true\" data-negative=\"false\">\n\t\t\t<svg xmlns=\"http:\/\/www.w3.org\/2000\/svg\" viewBox=\"0 0 283.5 27.8\" preserveAspectRatio=\"none\">\n\t<path class=\"elementor-shape-fill\" d=\"M283.5,9.7c0,0-7.3,4.3-14,4.6c-6.8,0.3-12.6,0-20.9-1.5c-11.3-2-33.1-10.1-44.7-5.7\ts-12.1,4.6-18,7.4c-6.6,3.2-20,9.6-36.6,9.3C131.6,23.5,99.5,7.2,86.3,8c-1.4,0.1-6.6,0.8-10.5,2c-3.8,1.2-9.4,3.8-17,4.7\tc-3.2,0.4-8.3,1.1-14.2,0.9c-1.5-0.1-6.3-0.4-12-1.6c-5.7-1.2-11-3.1-15.8-3.7C6.5,9.2,0,10.8,0,10.8V0h283.5V9.7z M260.8,11.3\tc-0.7-1-2-0.4-4.3-0.4c-2.3,0-6.1-1.2-5.8-1.1c0.3,0.1,3.1,1.5,6,1.9C259.7,12.2,261.4,12.3,260.8,11.3z M242.4,8.6\tc0,0-2.4-0.2-5.6-0.9c-3.2-0.8-10.3-2.8-15.1-3.5c-8.2-1.1-15.8,0-15.1,0.1c0.8,0.1,9.6-0.6,17.6,1.1c3.3,0.7,9.3,2.2,12.4,2.7\tC239.9,8.7,242.4,8.6,242.4,8.6z M185.2,8.5c1.7-0.7-13.3,4.7-18.5,6.1c-2.1,0.6-6.2,1.6-10,2c-3.9,0.4-8.9,0.4-8.8,0.5\tc0,0.2,5.8,0.8,11.2,0c5.4-0.8,5.2-1.1,7.6-1.6C170.5,14.7,183.5,9.2,185.2,8.5z M199.1,6.9c0.2,0-0.8-0.4-4.8,1.1\tc-4,1.5-6.7,3.5-6.9,3.7c-0.2,0.1,3.5-1.8,6.6-3C197,7.5,199,6.9,199.1,6.9z M283,6c-0.1,0.1-1.9,1.1-4.8,2.5s-6.9,2.8-6.7,2.7\tc0.2,0,3.5-0.6,7.4-2.5C282.8,6.8,283.1,5.9,283,6z M31.3,11.6c0.1-0.2-1.9-0.2-4.5-1.2s-5.4-1.6-7.8-2C15,7.6,7.3,8.5,7.7,8.6\tC8,8.7,15.9,8.3,20.2,9.3c2.2,0.5,2.4,0.5,5.7,1.6S31.2,11.9,31.3,11.6z M73,9.2c0.4-0.1,3.5-1.6,8.4-2.6c4.9-1.1,8.9-0.5,8.9-0.8\tc0-0.3-1-0.9-6.2-0.3S72.6,9.3,73,9.2z M71.6,6.7C71.8,6.8,75,5.4,77.3,5c2.3-0.3,1.9-0.5,1.9-0.6c0-0.1-1.1-0.2-2.7,0.2\tC74.8,5.1,71.4,6.6,71.6,6.7z M93.6,4.4c0.1,0.2,3.5,0.8,5.6,1.8c2.1,1,1.8,0.6,1.9,0.5c0.1-0.1-0.8-0.8-2.4-1.3\tC97.1,4.8,93.5,4.2,93.6,4.4z M65.4,11.1c-0.1,0.3,0.3,0.5,1.9-0.2s2.6-1.3,2.2-1.2s-0.9,0.4-2.5,0.8C65.3,10.9,65.5,10.8,65.4,11.1\tz M34.5,12.4c-0.2,0,2.1,0.8,3.3,0.9c1.2,0.1,2,0.1,2-0.2c0-0.3-0.1-0.5-1.6-0.4C36.6,12.8,34.7,12.4,34.5,12.4z M152.2,21.1\tc-0.1,0.1-2.4-0.3-7.5-0.3c-5,0-13.6-2.4-17.2-3.5c-3.6-1.1,10,3.9,16.5,4.1C150.5,21.6,152.3,21,152.2,21.1z\"\/>\n\t<path class=\"elementor-shape-fill\" d=\"M269.6,18c-0.1-0.1-4.6,0.3-7.2,0c-7.3-0.7-17-3.2-16.6-2.9c0.4,0.3,13.7,3.1,17,3.3\tC267.7,18.8,269.7,18,269.6,18z\"\/>\n\t<path class=\"elementor-shape-fill\" d=\"M227.4,9.8c-0.2-0.1-4.5-1-9.5-1.2c-5-0.2-12.7,0.6-12.3,0.5c0.3-0.1,5.9-1.8,13.3-1.2\tS227.6,9.9,227.4,9.8z\"\/>\n\t<path class=\"elementor-shape-fill\" d=\"M204.5,13.4c-0.1-0.1,2-1,3.2-1.1c1.2-0.1,2,0,2,0.3c0,0.3-0.1,0.5-1.6,0.4\tC206.4,12.9,204.6,13.5,204.5,13.4z\"\/>\n\t<path class=\"elementor-shape-fill\" d=\"M201,10.6c0-0.1-4.4,1.2-6.3,2.2c-1.9,0.9-6.2,3.1-6.1,3.1c0.1,0.1,4.2-1.6,6.3-2.6\tS201,10.7,201,10.6z\"\/>\n\t<path class=\"elementor-shape-fill\" d=\"M154.5,26.7c-0.1-0.1-4.6,0.3-7.2,0c-7.3-0.7-17-3.2-16.6-2.9c0.4,0.3,13.7,3.1,17,3.3\tC152.6,27.5,154.6,26.8,154.5,26.7z\"\/>\n\t<path class=\"elementor-shape-fill\" d=\"M41.9,19.3c0,0,1.2-0.3,2.9-0.1c1.7,0.2,5.8,0.9,8.2,0.7c4.2-0.4,7.4-2.7,7-2.6\tc-0.4,0-4.3,2.2-8.6,1.9c-1.8-0.1-5.1-0.5-6.7-0.4S41.9,19.3,41.9,19.3z\"\/>\n\t<path class=\"elementor-shape-fill\" d=\"M75.5,12.6c0.2,0.1,2-0.8,4.3-1.1c2.3-0.2,2.1-0.3,2.1-0.5c0-0.1-1.8-0.4-3.4,0\tC76.9,11.5,75.3,12.5,75.5,12.6z\"\/>\n\t<path class=\"elementor-shape-fill\" d=\"M15.6,13.2c0-0.1,4.3,0,6.7,0.5c2.4,0.5,5,1.9,5,2c0,0.1-2.7-0.8-5.1-1.4\tC19.9,13.7,15.7,13.3,15.6,13.2z\"\/>\n<\/svg>\t\t<\/div>\n\t\t<div class=\"elementor-element elementor-element-76718ae e-con-full e-flex wpr-particle-no wpr-jarallax-no wpr-parallax-no wpr-sticky-section-no e-con e-child\" data-id=\"76718ae\" data-element_type=\"container\" data-e-type=\"container\">\n\t\t<div class=\"elementor-element elementor-element-e75911f e-flex e-con-boxed wpr-particle-no wpr-jarallax-no wpr-parallax-no wpr-sticky-section-no e-con e-child\" data-id=\"e75911f\" data-element_type=\"container\" data-e-type=\"container\">\n\t\t\t\t\t<div class=\"e-con-inner\">\n\t\t\t\t<div class=\"elementor-element elementor-element-1603c7b elementor-widget elementor-widget-heading\" data-id=\"1603c7b\" data-element_type=\"widget\" data-e-type=\"widget\" data-widget_type=\"heading.default\">\n\t\t\t\t<div class=\"elementor-widget-container\">\n\t\t\t\t\t<h2 class=\"elementor-heading-title elementor-size-default\">Qu'est-ce que l'hypnose<\/h2>\t\t\t\t<\/div>\n\t\t\t\t<\/div>\n\t\t\t\t<div class=\"elementor-element elementor-element-64d26c9 elementor-widget-divider--view-line elementor-widget elementor-widget-divider\" data-id=\"64d26c9\" data-element_type=\"widget\" data-e-type=\"widget\" data-widget_type=\"divider.default\">\n\t\t\t\t<div class=\"elementor-widget-container\">\n\t\t\t\t\t\t\t<div class=\"elementor-divider\">\n\t\t\t<span class=\"elementor-divider-separator\">\n\t\t\t\t\t\t<\/span>\n\t\t<\/div>\n\t\t\t\t\t\t<\/div>\n\t\t\t\t<\/div>\n\t\t\t\t<div class=\"elementor-element elementor-element-77ea2db elementor-widget elementor-widget-text-editor\" data-id=\"77ea2db\" data-element_type=\"widget\" data-e-type=\"widget\" data-widget_type=\"text-editor.default\">\n\t\t\t\t<div class=\"elementor-widget-container\">\n\t\t\t\t\t\t\t\t\t<p>Tous les th\u00e9rapeutes qui ont un site internet, ont d\u00e9j\u00e0 pass\u00e9 un temps incalculable \u00e0 expliquer en quelques lignes, ce qui justifie l\u2019existence de nombreux ouvrages.<\/p><p>Je pr\u00e9f\u00e8re vous expliquer ce qu\u2019est l\u2019hypnose pour moi.<\/p><p>Une aide exceptionnellement subtile qui allie le pr\u00e9sent et le pass\u00e9, votre histoire de vie et votre questionnement actuel, votre v\u00e9cu et votre besoin de changement.<\/p><p>Une discussion avec votre inconscient, avec vos \u00e9motions, avec l\u2019essence m\u00eame de ce que vous \u00eates.<\/p><p>Un apaisement, un soulagement, la sensation bien r\u00e9elle de s\u2019\u00eatre lib\u00e9r\u00e9 d\u2019un poids.<\/p><p>La joie d\u2019\u00eatre enfin vous-m\u00eame en toute simplicit\u00e9.<\/p>\t\t\t\t\t\t\t\t<\/div>\n\t\t\t\t<\/div>\n\t\t\t\t<div class=\"elementor-element elementor-element-a915eee elementor-widget elementor-widget-menu-anchor\" data-id=\"a915eee\" data-element_type=\"widget\" data-e-type=\"widget\" data-widget_type=\"menu-anchor.default\">\n\t\t\t\t<div class=\"elementor-widget-container\">\n\t\t\t\t\t\t\t<div class=\"elementor-menu-anchor\" id=\"hypnose\"><\/div>\n\t\t\t\t\t\t<\/div>\n\t\t\t\t<\/div>\n\t\t\t\t\t<\/div>\n\t\t\t\t<\/div>\n\t\t<div class=\"elementor-element elementor-element-2a226c7 e-flex e-con-boxed wpr-particle-no wpr-jarallax-no wpr-parallax-no wpr-sticky-section-no e-con e-child\" data-id=\"2a226c7\" data-element_type=\"container\" data-e-type=\"container\">\n\t\t\t\t\t<div class=\"e-con-inner\">\n\t\t\t\t<div class=\"elementor-element elementor-element-5654b3a elementor-widget elementor-widget-heading\" data-id=\"5654b3a\" data-element_type=\"widget\" data-e-type=\"widget\" data-widget_type=\"heading.default\">\n\t\t\t\t<div class=\"elementor-widget-container\">\n\t\t\t\t\t<h2 class=\"elementor-heading-title elementor-size-default\">D\u00e9roulement d'une s\u00e9ance <\/h2>\t\t\t\t<\/div>\n\t\t\t\t<\/div>\n\t\t\t\t<div class=\"elementor-element elementor-element-a06ad54 elementor-widget-divider--view-line elementor-widget elementor-widget-divider\" data-id=\"a06ad54\" data-element_type=\"widget\" data-e-type=\"widget\" data-widget_type=\"divider.default\">\n\t\t\t\t<div class=\"elementor-widget-container\">\n\t\t\t\t\t\t\t<div class=\"elementor-divider\">\n\t\t\t<span class=\"elementor-divider-separator\">\n\t\t\t\t\t\t<\/span>\n\t\t<\/div>\n\t\t\t\t\t\t<\/div>\n\t\t\t\t<\/div>\n\t\t\t\t<div class=\"elementor-element elementor-element-05957e4 elementor-widget elementor-widget-text-editor\" data-id=\"05957e4\" data-element_type=\"widget\" data-e-type=\"widget\" data-widget_type=\"text-editor.default\">\n\t\t\t\t<div class=\"elementor-widget-container\">\n\t\t\t\t\t\t\t\t\t<p>D\u00e8s que vous prenez rendez-vous, on peut consid\u00e9rer que la s\u00e9ance commence. Vous \u00eates d\u00e9j\u00e0 dans la bonne disposition, celle qui vous am\u00e8nera vers plus de calme plus d\u2019apaisement, plus de s\u00e9r\u00e9nit\u00e9, cette bonne d\u00e9marche qui vous aidera \u00e0 \u00e9voluer pour r\u00e9aliser votre objectif. \u00a0<\/p><p>Nous devons apprendre \u00e0 nous connaitre. Il est indispensable que vous ayez confiance en votre th\u00e9rapeute, puisque nous commencerons par un recueil d\u2019informations. \u00c7a consiste \u00e0 reformuler les raisons qui vous ont amen\u00e9 \u00e0 consulter, pour qu\u2019on soit certains tous les deux que nous irons dans la m\u00eame direction pour la r\u00e9alisation de votre objectif.<\/p><p>Nous devrons donc d\u00e9finir ensemble un objectif \u00e0 atteindre. Il faut qu\u2019il soit r\u00e9aliste, qu\u2019il vous convienne totalement, et dans le cas o\u00f9 il y aurait plusieurs objectifs distincts, choisir l\u2019ordre pr\u00e9f\u00e9rentiel dans lequel on va ensemble les traiter.<\/p><p>Puis vient le moment que j\u2019appellerai le c\u0153ur de la s\u00e9ance. Le travail que nous ferons sera en harmonie avec vos besoins. Il est possible qu\u2019il y ait une musique d\u2019ambiance douce, qui inspire la r\u00e9flexion, la m\u00e9ditation, le calme, le bien-\u00eatre.<\/p><p>Derni\u00e8re phase, le retour, vous vous souviendrez de tout, vous aurez \u00e9t\u00e9 totalement conscient(te) de chaque instant que vous avez v\u00e9cu.<\/p><p>Maintenant, vous n\u2019avez plus qu\u2019\u00e0 \u00eatre curieux(se) ! \u00catre curieux(se) de vous rendre compte \u00e0 quel moment vous allez percevoir les changements que votre esprit inconscient \u00e0 mis en place.<\/p><p>Lors du rdv suivant, nous analyserons ce qui s\u2019est pass\u00e9 depuis la fois pr\u00e9c\u00e9dente, parce qu\u2019il se passe toujours quelque chose, pour arriver \u00e0 la r\u00e9alisation de votre objectif de d\u00e9part.<\/p><p>La r\u00e9ussite d\u2019une s\u00e9ance est directement li\u00e9e \u00e0 la motivation dont la personne fait preuve, en regard de la probl\u00e9matique qui l\u2019a incit\u00e9e \u00e0 prendre rendez-vous.<\/p>\t\t\t\t\t\t\t\t<\/div>\n\t\t\t\t<\/div>\n\t\t\t\t<div class=\"elementor-element elementor-element-a10f768 elementor-widget elementor-widget-menu-anchor\" data-id=\"a10f768\" data-element_type=\"widget\" data-e-type=\"widget\" data-widget_type=\"menu-anchor.default\">\n\t\t\t\t<div class=\"elementor-widget-container\">\n\t\t\t\t\t\t\t<div class=\"elementor-menu-anchor\" id=\"hypnose\"><\/div>\n\t\t\t\t\t\t<\/div>\n\t\t\t\t<\/div>\n\t\t\t\t\t<\/div>\n\t\t\t\t<\/div>\n\t\t\t\t<\/div>\n\t\t\t\t\t<\/div>\n\t\t\t\t<\/div>\n\t\t\t\t<\/div>\n\t\t","protected":false},"excerpt":{"rendered":"<p>Qu&#8217;est-ce que l&#8217;hypnose ? D\u00e9roulement d&#8217;une s\u00e9ance Qu&#8217;est-ce que l&#8217;hypnose ? Qu&#8217;est-ce que l&#8217;hypnose ? Qu&#8217;est-ce que l&#8217;hypnose Tous les th\u00e9rapeutes qui ont un site internet, ont d\u00e9j\u00e0 pass\u00e9 un temps incalculable \u00e0 expliquer en quelques lignes, ce qui justifie l\u2019existence de nombreux ouvrages. Je pr\u00e9f\u00e8re vous expliquer ce qu\u2019est l\u2019hypnose pour moi. Une aide exceptionnellement subtile qui allie le pr\u00e9sent et le pass\u00e9, votre histoire de vie et votre questionnement actuel, votre v\u00e9cu et votre besoin de changement. Une discussion avec votre inconscient, avec vos \u00e9motions, avec l\u2019essence m\u00eame de ce que vous \u00eates. Un apaisement, un soulagement, la sensation bien r\u00e9elle de s\u2019\u00eatre lib\u00e9r\u00e9 d\u2019un poids. La joie d\u2019\u00eatre enfin vous-m\u00eame en toute simplicit\u00e9. D\u00e9roulement d&#8217;une s\u00e9ance D\u00e8s que vous prenez rendez-vous, on peut consid\u00e9rer que la s\u00e9ance commence. Vous \u00eates d\u00e9j\u00e0 dans la bonne disposition, celle qui vous am\u00e8nera vers plus de calme plus d\u2019apaisement, plus de s\u00e9r\u00e9nit\u00e9, cette bonne d\u00e9marche qui vous aidera \u00e0 \u00e9voluer pour r\u00e9aliser votre objectif. \u00a0 Nous devons apprendre \u00e0 nous connaitre. Il est indispensable que vous ayez confiance en votre th\u00e9rapeute, puisque nous commencerons par un recueil d\u2019informations. \u00c7a consiste \u00e0 reformuler les raisons qui vous ont amen\u00e9 \u00e0 consulter, pour qu\u2019on soit certains tous les deux que nous irons dans la m\u00eame direction pour la r\u00e9alisation de votre objectif. Nous devrons donc d\u00e9finir ensemble un objectif \u00e0 atteindre. Il faut qu\u2019il soit r\u00e9aliste, qu\u2019il vous convienne totalement, et dans le cas o\u00f9 il y aurait plusieurs objectifs distincts, choisir l\u2019ordre pr\u00e9f\u00e9rentiel dans lequel on va ensemble les traiter. Puis vient le moment que j\u2019appellerai le c\u0153ur de la s\u00e9ance. Le travail que nous ferons sera en harmonie avec vos besoins. Il est possible qu\u2019il y ait une musique d\u2019ambiance douce, qui inspire la r\u00e9flexion, la m\u00e9ditation, le calme, le bien-\u00eatre. Derni\u00e8re phase, le retour, vous vous souviendrez de tout, vous aurez \u00e9t\u00e9 totalement conscient(te) de chaque instant que vous avez v\u00e9cu. Maintenant, vous n\u2019avez plus qu\u2019\u00e0 \u00eatre curieux(se) ! \u00catre curieux(se) de vous rendre compte \u00e0 quel moment vous allez percevoir les changements que votre esprit inconscient \u00e0 mis en place. Lors du rdv suivant, nous analyserons ce qui s\u2019est pass\u00e9 depuis la fois pr\u00e9c\u00e9dente, parce qu\u2019il se passe toujours quelque chose, pour arriver \u00e0 la r\u00e9alisation de votre objectif de d\u00e9part. La r\u00e9ussite d\u2019une s\u00e9ance est directement li\u00e9e \u00e0 la motivation dont la personne fait preuve, en regard de la probl\u00e9matique qui l\u2019a incit\u00e9e \u00e0 prendre rendez-vous.<\/p>\n","protected":false},"author":1,"featured_media":0,"parent":0,"menu_order":0,"comment_status":"closed","ping_status":"closed","template":"","meta":{"om_disable_all_campaigns":false,"_monsterinsights_skip_tracking":false,"_monsterinsights_sitenote_active":false,"_monsterinsights_sitenote_note":"","_monsterinsights_sitenote_category":0,"site-sidebar-layout":"no-sidebar","site-content-layout":"page-builder","ast-site-content-layout":"default","site-content-style":"default","site-sidebar-style":"default","ast-global-header-display":"","ast-banner-title-visibility":"","ast-main-header-display":"","ast-hfb-above-header-display":"","ast-hfb-below-header-display":"","ast-hfb-mobile-header-display":"","site-post-title":"disabled","ast-breadcrumbs-content":"","ast-featured-img":"disabled","footer-sml-layout":"","ast-disable-related-posts":"","theme-transparent-header-meta":"enabled","adv-header-id-meta":"","stick-header-meta":"","header-above-stick-meta":"","header-main-stick-meta":"","header-below-stick-meta":"","astra-migrate-meta-layouts":"default","ast-page-background-enabled":"default","ast-page-background-meta":{"desktop":{"background-color":"var(--ast-global-color-4)","background-image":"","background-repeat":"repeat","background-position":"center center","background-size":"auto","background-attachment":"scroll","background-type":"","background-media":"","overlay-type":"","overlay-color":"","overlay-opacity":"","overlay-gradient":""},"tablet":{"background-color":"","background-image":"","background-repeat":"repeat","background-position":"center center","background-size":"auto","background-attachment":"scroll","background-type":"","background-media":"","overlay-type":"","overlay-color":"","overlay-opacity":"","overlay-gradient":""},"mobile":{"background-color":"","background-image":"","background-repeat":"repeat","background-position":"center center","background-size":"auto","background-attachment":"scroll","background-type":"","background-media":"","overlay-type":"","overlay-color":"","overlay-opacity":"","overlay-gradient":""}},"ast-content-background-meta":{"desktop":{"background-color":"var(--ast-global-color-5)","background-image":"","background-repeat":"repeat","background-position":"center center","background-size":"auto","background-attachment":"scroll","background-type":"","background-media":"","overlay-type":"","overlay-color":"","overlay-opacity":"","overlay-gradient":""},"tablet":{"background-color":"var(--ast-global-color-5)","background-image":"","background-repeat":"repeat","background-position":"center center","background-size":"auto","background-attachment":"scroll","background-type":"","background-media":"","overlay-type":"","overlay-color":"","overlay-opacity":"","overlay-gradient":""},"mobile":{"background-color":"var(--ast-global-color-5)","background-image":"","background-repeat":"repeat","background-position":"center center","background-size":"auto","background-attachment":"scroll","background-type":"","background-media":"","overlay-type":"","overlay-color":"","overlay-opacity":"","overlay-gradient":""}},"footnotes":""},"class_list":["post-1401","page","type-page","status-publish","hentry"],"aioseo_notices":[],"_links":{"self":[{"href":"https:\/\/hypnose-inconditionailes.fr\/index.php\/wp-json\/wp\/v2\/pages\/1401","targetHints":{"allow":["GET"]}}],"collection":[{"href":"https:\/\/hypnose-inconditionailes.fr\/index.php\/wp-json\/wp\/v2\/pages"}],"about":[{"href":"https:\/\/hypnose-inconditionailes.fr\/index.php\/wp-json\/wp\/v2\/types\/page"}],"author":[{"embeddable":true,"href":"https:\/\/hypnose-inconditionailes.fr\/index.php\/wp-json\/wp\/v2\/users\/1"}],"replies":[{"embeddable":true,"href":"https:\/\/hypnose-inconditionailes.fr\/index.php\/wp-json\/wp\/v2\/comments?post=1401"}],"version-history":[{"count":157,"href":"https:\/\/hypnose-inconditionailes.fr\/index.php\/wp-json\/wp\/v2\/pages\/1401\/revisions"}],"predecessor-version":[{"id":4634,"href":"https:\/\/hypnose-inconditionailes.fr\/index.php\/wp-json\/wp\/v2\/pages\/1401\/revisions\/4634"}],"wp:attachment":[{"href":"https:\/\/hypnose-inconditionailes.fr\/index.php\/wp-json\/wp\/v2\/media?parent=1401"}],"curies":[{"name":"wp","href":"https:\/\/api.w.org\/{rel}","templated":true}]}}